{"id":49,"date":"2018-10-11T16:24:38","date_gmt":"2018-10-11T19:24:38","guid":{"rendered":"http:\/\/tiagoesper.com.br\/site\/?page_id=49"},"modified":"2022-04-01T17:17:12","modified_gmt":"2022-04-01T20:17:12","slug":"contato","status":"publish","type":"page","link":"https:\/\/tiagoesper.com.br\/site\/contato\/","title":{"rendered":"Contatos"},"content":{"rendered":"<p>[vc_row][vc_column][vc_column_text]Nosso escrit\u00f3rio mant\u00e9m um canal de comunica\u00e7\u00e3o permanente com voc\u00ea lojista e comerciante. Preencha os campos abaixo e envie-nos suas d\u00favidas, cr\u00edticas e sugest\u00f5es.<\/p>\n<p>Voc\u00ea tamb\u00e9m pode utilizar: <a href=\"https:\/\/api.whatsapp.com\/send?phone=5548991710410&amp;text=Ol%C3%A1%20Tiago\"><img loading=\"lazy\" decoding=\"async\" class=\"alignnone wp-image-161\" src=\"https:\/\/tiagoesper.com.br\/site\/wp-content\/uploads\/2018\/11\/whatsapp_PNG4.png\" alt=\"\" width=\"71\" height=\"71\" srcset=\"https:\/\/tiagoesper.com.br\/site\/wp-content\/uploads\/2018\/11\/whatsapp_PNG4.png 512w, https:\/\/tiagoesper.com.br\/site\/wp-content\/uploads\/2018\/11\/whatsapp_PNG4-150x150.png 150w, https:\/\/tiagoesper.com.br\/site\/wp-content\/uploads\/2018\/11\/whatsapp_PNG4-300x300.png 300w, https:\/\/tiagoesper.com.br\/site\/wp-content\/uploads\/2018\/11\/whatsapp_PNG4-460x460.png 460w, https:\/\/tiagoesper.com.br\/site\/wp-content\/uploads\/2018\/11\/whatsapp_PNG4-80x80.png 80w, https:\/\/tiagoesper.com.br\/site\/wp-content\/uploads\/2018\/11\/whatsapp_PNG4-160x160.png 160w\" sizes=\"auto, (max-width: 71px) 100vw, 71px\" \/><\/a><br \/>\nE-mail: vendas@tiagoesper.com.br &#8211; E-mail: <em><strong>tiagobrinquedos@gmail.com<\/strong><\/em><br \/>\nFone: (48) 9.9171-0410 Claro\u00a0 (47) 9.9922-9000tim<\/p>\n<aside id=\"text-2\" class=\" col-md-12 widget_text widget col-md-12 widget-col nav navbar-nav header-top-info hidden-xs\"><\/aside>\n<p>[\/vc_column_text]\n<div class=\"wpcf7 no-js\" id=\"wpcf7-f48-o1\" lang=\"pt-BR\" dir=\"ltr\">\n<div class=\"screen-reader-response\"><p role=\"status\" aria-live=\"polite\" aria-atomic=\"true\"><\/p> <ul><\/ul><\/div>\n<form action=\"\/site\/wp-json\/wp\/v2\/pages\/49#wpcf7-f48-o1\" method=\"post\" class=\"wpcf7-form init\" aria-label=\"Formul\u00e1rios de contato\" novalidate=\"novalidate\" data-status=\"init\">\n<div style=\"display: none;\">\n<input type=\"hidden\" name=\"_wpcf7\" value=\"48\" \/>\n<input type=\"hidden\" name=\"_wpcf7_version\" value=\"5.7.7\" \/>\n<input type=\"hidden\" name=\"_wpcf7_locale\" value=\"pt_BR\" \/>\n<input type=\"hidden\" name=\"_wpcf7_unit_tag\" value=\"wpcf7-f48-o1\" \/>\n<input type=\"hidden\" name=\"_wpcf7_container_post\" value=\"0\" \/>\n<input type=\"hidden\" name=\"_wpcf7_posted_data_hash\" value=\"\" \/>\n<\/div>\n<p><label> NOME! (obrigat\u00f3rio)<br \/>\n<span class=\"wpcf7-form-control-wrap\" data-name=\"your-name\"><input size=\"40\" class=\"wpcf7-form-control wpcf7-text wpcf7-validates-as-required\" aria-required=\"true\" aria-invalid=\"false\" value=\"\" type=\"text\" name=\"your-name\" \/><\/span> <\/label>\n<\/p>\n<p><label> e-mail (obrigat\u00f3rio)<br \/>\n<span class=\"wpcf7-form-control-wrap\" data-name=\"your-email\"><input size=\"40\" class=\"wpcf7-form-control wpcf7-text wpcf7-email wpcf7-validates-as-required wpcf7-validates-as-email\" aria-required=\"true\" aria-invalid=\"false\" value=\"\" type=\"email\" name=\"your-email\" \/><\/span> <\/label>\n<\/p>\n<p><label> CNPJ<br \/>\n<span class=\"wpcf7-form-control-wrap\" data-name=\"CNPJ\"><input size=\"40\" class=\"wpcf7-form-control wpcf7-text\" aria-invalid=\"false\" value=\"\" type=\"text\" name=\"CNPJ\" \/><\/span> <\/label>\n<\/p>\n<p><label> WHATSAPP<br \/>\n<span class=\"wpcf7-form-control-wrap\" data-name=\"your-subject\"><input size=\"40\" class=\"wpcf7-form-control wpcf7-text\" aria-invalid=\"false\" value=\"\" type=\"text\" name=\"your-subject\" \/><\/span> <\/label>\n<\/p>\n<p><label> Sua mensagem<br \/>\n<span class=\"wpcf7-form-control-wrap\" data-name=\"your-message\"><textarea cols=\"40\" rows=\"10\" class=\"wpcf7-form-control wpcf7-textarea\" aria-invalid=\"false\" name=\"your-message\"><\/textarea><\/span> <\/label>\n<\/p>\n<p><input class=\"wpcf7-form-control has-spinner wpcf7-submit\" type=\"submit\" value=\"Enviar\" \/>\n<\/p><p style=\"display: none !important;\" class=\"akismet-fields-container\" data-prefix=\"_wpcf7_ak_\"><label>&#916;<textarea name=\"_wpcf7_ak_hp_textarea\" cols=\"45\" rows=\"8\" maxlength=\"100\"><\/textarea><\/label><input type=\"hidden\" id=\"ak_js_1\" name=\"_wpcf7_ak_js\" value=\"56\"\/><script>document.getElementById( \"ak_js_1\" ).setAttribute( \"value\", ( new Date() ).getTime() );<\/script><\/p><div class=\"wpcf7-response-output\" aria-hidden=\"true\"><\/div>\n<\/form>\n<\/div>\n[\/vc_column][\/vc_row]<\/p>\n","protected":false},"excerpt":{"rendered":"<p>[vc_row][vc_column][vc_column_text]Nosso escrit\u00f3rio mant\u00e9m um canal de comunica\u00e7\u00e3o permanente com voc\u00ea lojista e comerciante. Preencha os campos abaixo e envie-nos suas d\u00favidas, cr\u00edticas e sugest\u00f5es. Voc\u00ea tamb\u00e9m pode utilizar: E-mail: vendas@tiagoesper.com.br &#8211; E-mail: tiagobrinquedos@gmail.com Fone: (48) 9.9171-0410 Claro\u00a0 (47) 9.9922-9000tim [\/vc_column_text][\/vc_column][\/vc_row]<\/p>\n","protected":false},"author":1,"featured_media":0,"parent":0,"menu_order":0,"comment_status":"closed","ping_status":"closed","template":"","meta":{"footnotes":""},"class_list":["post-49","page","type-page","status-publish","hentry"],"_links":{"self":[{"href":"https:\/\/tiagoesper.com.br\/site\/wp-json\/wp\/v2\/pages\/49","targetHints":{"allow":["GET"]}}],"collection":[{"href":"https:\/\/tiagoesper.com.br\/site\/wp-json\/wp\/v2\/pages"}],"about":[{"href":"https:\/\/tiagoesper.com.br\/site\/wp-json\/wp\/v2\/types\/page"}],"author":[{"embeddable":true,"href":"https:\/\/tiagoesper.com.br\/site\/wp-json\/wp\/v2\/users\/1"}],"replies":[{"embeddable":true,"href":"https:\/\/tiagoesper.com.br\/site\/wp-json\/wp\/v2\/comments?post=49"}],"version-history":[{"count":12,"href":"https:\/\/tiagoesper.com.br\/site\/wp-json\/wp\/v2\/pages\/49\/revisions"}],"predecessor-version":[{"id":812,"href":"https:\/\/tiagoesper.com.br\/site\/wp-json\/wp\/v2\/pages\/49\/revisions\/812"}],"wp:attachment":[{"href":"https:\/\/tiagoesper.com.br\/site\/wp-json\/wp\/v2\/media?parent=49"}],"curies":[{"name":"wp","href":"https:\/\/api.w.org\/{rel}","templated":true}]}}